 6 - w. Suppose 5*i - z + 7 = 130, i = -4*z + 12. Calculate the greatest common factor of i and a.
8
Suppose z = u - 83, u + 3*z - 69 + 6 = 0. Calculate the highest common divisor of u and 195.
39
Suppose -5*v + v = -276. Calculate the greatest common divisor of 46 and v.
23
Suppose -2*f - 8 = 3*n, 0 = f + n - 0*n + 2. Suppose 0 = -l - 5*o + 4*o + f, -4*o + 4 = 0. Calculate the greatest common divisor of 11 and l.
1
Let q be 12 - 0 - (-24)/16*2. Calculate the greatest common divisor of q and 5.
5
Let v = -9 + 16. Calculate the highest common divisor of v and 56.
7
Let q(d) = 2*d + 2*d - 3*d + 4. Let u be q(5). Calculate the greatest common factor of 9 and u.
9
Suppose 0*c - 4*c = -52. Let q = 23 - 10. Calculate the greatest common divisor of q and c.
13
Suppose -13*d + 92 = -129. Calculate the highest common divisor of 17 and d.
17
Let z = 238 + -184. Let a = 107 - 71. Calculate the greatest common divisor of a and z.
18
Let o(w) = 4*w**2 + 3*w + 5. Let r be o(4). Let i = r - -7. Suppose c - 2 = y - 10, -5*c + 4 = -y. What is the highest common divisor of y and i?
11
Suppose 3*s + 4*m - 239 = 0, 0 = 5*s - 5*m - 87 - 358. What is the greatest common factor of 34 and s?
17
Let j(c) = 4*c**2 - 2*c + 5. Let u be j(-4). Let i = u - 44. What is the greatest common divisor of i and 11?
11
Let d be 36*3*(-5)/18*-2. What is the greatest common divisor of 48 and d?
12
Let f be (6 - 5)/((-1)/(-3)). What is the greatest common factor of 2 and f?
1
Let t be 3/(3/16) - 0. Suppose -12 = 3*k - 108. What is the highest common factor of t and k?
16
Let c = -95 - -139. Let o = 25 - c. Let j = -11 - o. Calculate the highest common divisor of j and 64.
8
Let d = 30 - 13. Suppose c + 12 = 65. Let x = 104 - c. What is the highest common factor of x and d?
17
Let a(j) = 17*j - 7. Suppose -2*r + 4 = -8. Let t be a(r). Suppose -t - 7 = -3*n. What is the greatest common divisor of 17 and n?
17
Let n = -311 + 443. What is the highest common factor of n and 12?
12
Let x(q) = q**3 - q**2 - q + 11. Let k be x(0). Suppose -21 = -3*p + 12. Calculate the highest common factor of k and p.
11
Suppose 0 = 5*v - 0*v - 20. Let u be ((-9)/6)/((-3)/v). Suppose 3*k - 10 = -c, -2*c - c + 8 = -u*k. What is the greatest common factor of k and 2?
2
Let p be (-2)/(-6) + 56/(-24). Let q be (3/p)/(6/(-128)). Suppose q = 3*o - 10. Calculate the highest common factor of 98 and o.
14
Suppose -4*r - 349 = -3*j, 4*j + r - 2*r = 474. What is the greatest common divisor of 7 and j?
7
Let u be (51/(-9) - -4)*-6. Suppose -o = -3*o + u. Calculate the greatest common divisor of 45 and o.
5
Let o(k) = k**3 + 3*k**2 - 5*k - 4. Let q be o(-4). Suppose q = -2*s - s. Suppose s*m - 10 = -m. What is the highest common divisor of m and 30?
10
Let h be (-1)/((-5)/20) - 3. What is the greatest common factor of h and 7?
1
Let v(s) = s**3 + 8*s**2 + 6. Let f be v(-8). Suppose f - 3 = p. Calculate the greatest common factor of p and 2.
1
Let q = 102 - 47. Calculate the greatest common factor of q and 5.
5
Let u = 181 + -162. Let h be (-10)/12*26*-6. Let w = h - 73. Calculate the highest common factor of u and w.
19
Let o = -82 + 145. What is the greatest common factor of o and 7?
7
Let z be 2*((-4)/6 + (-488)/(-48)). Suppose 120 + 279 = 3*c. What is the highest common divisor of z and c?
19
Let o(m) = -m + 3. Let n be o(-5). Let b(d) = -d**3 + 9*d**2 - 7*d + 1. Let f be b(n). Let a = 10 - 1. What is the highest common divisor of a and f?
9
Let g = 140 - 128. Calculate the greatest common divisor of 108 and g.
12
Let c be (1 - 18)/(1 - 2). What is the highest common factor of 119 and c?
17
Suppose -3*q = -146 + 35. Suppose 2*p = q + 51. What is the greatest common factor of 11 and p?
11
Let q be 119/(3 + -3 + 1). Calculate the highest common factor of q and 17.
17
Let z(y) = -y + 0 + 23*y**2 + 1 + 3*y. Let n be z(-1). Calculate the highest common divisor of n and 2.
2
Let k(v) = -v + 28. Let g be k(6). Let t(x) = -x**3 + 2*x**2 - x - 2. Let y be t(2). Let q = g + y. What is the highest common divisor of 198 and q?
18
Let t(d) = d**3 + 6*d**2 + 4. Let j be t(-6). Suppose 2*w + h + j*h - 12 = 0, 4*h = -5*w + 64. Calculate the highest common factor of w and 64.
16
Let t(d) = d**2 + 7*d - 9. Let m be t(-10). Let r = -29 + 32. Calculate the greatest common factor of r and m.
3
Suppose -5*l = 2*u - 59, 0*u = l + 3*u - 17. Let g(c) = 28 + 2*c**2 + 49 - c**2. Let v be g(0). What is the highest common divisor of v and l?
11
Suppose -3*w + 8 = -3*b - 4, 3*w + 28 = -2*b. Suppose 5*n = v - 38, 3*n - 4*v + 22 = -3*v. Let k be 0 + 5 + b/n. Calculate the highest common factor of k and 6.
6
Let d = -1 - -6. Suppose -6*t = -d*t - 6. Let j = 18 - 12. Calculate the highest common factor of j and t.
6
Let d = 24 - 15. Calculate the highest common divisor of d and 99.
9
Let v(l) = l**2 - l. Let c be v(-2). Calculate the highest common divisor of 18 and c.
6
Let u(c) = -2*c - 1 - c - c**2 + 4. Let j be u(-3). Calculate the highest common factor of j and 6.
3
Let h(s) = 4*s**2 + 3*s - 6. Let u be h(4). Let a(b) = b**2 + 7*b + 2. Let i be a(-8). Calculate the greatest common factor of i and u.
10
Suppose -2*j + j = -5*y - 353, -1442 = -4*j + 5*y. Let t = -259 + j. Let w = 20 - 7. What is the greatest common factor of w and t?
13
Let j = -14 + 44. Suppose 5*l + j = 3*w, -5*w - 5*l - 50 = -10*w. Calculate the highest common divisor of w and 15.
5
Let x(f) be the first derivative of -1/4*f**4 - 3*f + 2 + 5/3*f**3 + 1/2*f**2. Let y be x(5). Calculate the greatest common factor of y and 10.
2
Let f = 39 + -20. Calculate the greatest common factor of f and 76.
19
Suppose 5*i - 40 = -0*i. Suppose t - 52 = -5*b, b + 25 = t - 51. Calculate the greatest common divisor of i and t.
8
Let z be (-34)/(-85) - 33/(-5). What is the greatest common divisor of 56 and z?
7
Let p(a) = a**3 - 6*a**2 + a - 6. Let t be p(6). Suppose t*h - 98 = -h. Calculate the highest common factor of h and 14.
14
Let l(q) = -7*q + 3*q - 6 + 5*q. Let t be l(6). Suppose 4*k + 4*c = c + 95, t = -5*k - 2*c + 124. What is the greatest common divisor of 13 and k?
13
Let a(s) = -23*s + 3. Let m be a(-1). What is the highest common factor of m and 78?
26
Let q(f) = -1. Let l(c) = -12*c - 18. Let y(v) = 4*l(v) - 72*q(v). Let s be y(-1). What is the greatest common divisor of 12 and s?
12
Let g(k) = k**2 - k + 35. Let x be g(0). What is the highest common factor of 5 and x?
5
Suppose -5*b + 1 + 24 = 0. Let c be 1/(-3) + 94/(-6). Let k be -5*(c/b - -2). Calculate the greatest common factor of 4 and k.
2
Suppose 4*i = -s + 127, 0 = -i + 3*s + 36 - 14. Let l(m) = -m**3 + 10*m**2 + m + 5. Let n be l(6). Calculate the greatest common divisor of n and i.
31
Suppose -3*b + 5*b = 5*g - 702, -2*b = g - 138. Calculate the highest common factor of g and 20.
20
Suppose 3*z + 0*i + 4*i - 71 = 0, -109 = -5*z - 2*i. What is the greatest common divisor of z and 7?
7
Let v = -5 - -9. Let h(s) = s**2 - 4*s + 1. Let w be h(v). Let p(b) = -b. Let g be p(-5). Calculate the greatest common factor of w and g.
1
Suppose -5*n + 3*p = -22, 6*n = 3*n - 2*p - 2. What is the highest common factor of 34 and n?
2
Suppose -7*c + 1075 = 200. Calculate the highest common divisor of c and 25.
25
Suppose 0 = 5*m + 5*u, 5*m - 4*u = 3*m. Let p be 2 + (2 - m)*25. Suppose -g - 3*g + p = 0. Calculate the highest common divisor of g and 39.
13
Suppose 6*n = 2*n + 4*x + 52, -3*x - 51 = -4*n. What is the highest common factor of 18 and n?
6
Let a be ((-15)/9)/(2/30). Let x = a - -46. Suppose 0 = -2*z - 5*j - 1, -3*z = -2*z + 3*j + 2. What is the highest common divisor of x and z?
7
Let l be 12/(-42) + (-786)/(-7). Let h be (-8)/(-6)*21/2. Calculate the highest common divisor of l and h.
14
Let a = -10 + 15. Suppose 0 = -a*y - 2*w - 146, 3*y - 3*w + 47 = -28. Let c = y + 43. What is the highest common divisor of 10 and c?
5
Suppose 0 = -q + 1 - 6, -3*t + 3*q + 177 = 0. Calculate the greatest common divisor of t and 36.
18
Suppose -4*o + 37 = -47. Let s(a) = a**3 - 2*a**2 - 2*a - 3. Let x be s(-2). Let r = x + o. Calculate the highest common divisor of 15 and r.
3
Let x(q) = q + 8. Let a be x(5). Calculate the highest common factor of a and 143.
13
Let k(z) = -3*z - 4. Let s be 3/(-2)*50/15. Let n be k(s). Calculate the highest